5*t - 187 = 0, 5*t + 53 = b. Suppose -5*i + 198 = -3*d, -3*i + 2*d + 71 = -b. What is the remainder when i is divided by 10?
9
Suppose -2*o + 0*o - 14 = -2*q, q - 4 = -2*o. Let l = q + -4. Suppose l*i = 18 + 2. Calculate the remainder when i is divided by 6.
4
Let u(h) = -h**3 - 10*h**2 + 11*h + 11. Calculate the remainder when 21 is divided by u(-11).
10
What is the remainder when 63 is divided by (-2)/((-4)/78*3)?
11
Let y = 31 + -15. Let h be (-39)/(-2)*(-48)/(-18). Suppose -p + 29 = -v, -v = 4*p - 74 - h. What is the remainder when p is divided by y?
15
Let u(d) = d**3 + 6*d**2 + 5*d + 4. Let h be u(-5). Suppose -3*g + 59 = -m, -h*g - 33 = 4*m - 133. What is the remainder when 61 is divided by g?
19
Let v(q) = -5*q - 7. Calculate the remainder when v(-16) is divided by 28.
17
Suppose 3 = 3*p, 0 = 4*d - 8*d - 3*p - 57. Calculate the remainder when 8/(-2) - -1 - d is divided by 7.
5
Let c(w) = -w**3 + 6*w**2 + 3*w - 5. Let x = 22 - 18. Calculate the remainder when c(6) is divided by x.
1
Suppose 0 = 3*s - 2*s - 4. Suppose 0 = -s*i - 18 + 6, 2*i = -k - 2. What is the remainder when k is divided by 3?
1
Let x(h) = -14*h - 2. Let q be x(-2). Let b = -13 + q. Suppose 124 = -0*u + 5*u + a, 4*u - 3*a - 103 = 0. Calculate the remainder when u is divided by b.
12
Let n(a) = -2*a**3 - 4*a**2 + 6*a + 1. What is the remainder when n(-4) is divided by 14?
13
Let j(y) = y**3 - 3*y**2 - y - 2. Calculate the remainder when j(4) is divided by 6.
4
Let i(v) = 2*v**3. Let u be i(1). Let a = 2 + u. Calculate the remainder when 0 + 3 + (-8)/(-1) is divided by a.
3
Let h(k) = 59*k**2 - 2*k - 1. Let a be h(-1). Calculate the remainder when 7 is divided by (-2)/7 - a/(-14).
3
Let l(a) = 2*a**2 - 4. Suppose -3*n + 2*n + 41 = 0. Calculate the remainder when n is divided by l(3).
13
Let u(w) be the second derivative of w**3/3 + w**2/2 + 3*w. Suppose 3*v - 80 = -v. Calculate the remainder when v is divided by u(5).
9
Suppose -67 = -3*q + 5*w, 3*w + 61 = 4*q + 2*w. What is the remainder when q is divided by 3?
2
Let z(s) = -5*s**3 - 35*s**2 + s - 31. Let g(d) = d**3 + 7*d**2 + 6. Let x(m) = -11*g(m) - 2*z(m). Calculate the remainder when 39 is divided by x(-7).
9
Let h(w) = -7*w + 4*w + 1 + 2*w. What is the remainder when h(-6) is divided by 1*(4 + 0 + -1)?
1
Let a = 29 + -15. Calculate the remainder when 68 is divided by a.
12
Suppose 0 = 2*h - 1 - 1. What is the remainder when 21 is divided by -12*(0 - 1) - h?
10
Let c = -4 + 4. Suppose -3*t + 4*h + 21 = 0, 0 = 4*t - c*h - 4*h - 32. Calculate the remainder when t is divided by 4.
3
Let t = 57 - 14. Let u(j) = -3*j + 1. Let g be u(-1). Suppose -20 = 4*h, g*h = -0*y - 4*y + 40. Calculate the remainder when t is divided by y.
13
Let i(m) = m**2 - m + 37. Let c be i(0). Suppose -c = -5*r - 2. Let t(o) = -o**3 - 9*o**2 - 9*o + 4. Calculate the remainder when t(-8) is divided by r.
5
Let o = -9 + 19. Suppose 3*s - 14 - 40 = 0. What is the remainder when s is divided by o?
8
Let j = -112 - -133. Calculate the remainder when 121 is divided by j.
16
Let r = 12 - 7. Let x = -6 - -14. Calculate the remainder when x is divided by r.
3
Let w = 0 - 0. Let z be 6 + 3 - w/(-2). Calculate the remainder when 35 is divided by z/24*2*16.
11
Let f(l) = l**2 - 9*l - 3. Calculate the remainder when f(14) is divided by 23.
21
Let j = 1 - -15. Let o = -458 + 489. What is the remainder when o is divided by j?
15
Let z be 1 - 4 - (1 - 1). Let n = z + 8. Suppose 5*i + 2*y - 110 = 5*y, 2*y = -10. What is the remainder when i is divided by n?
4
Suppose 20*r - 1117 = 1963. What is the remainder when r is divided by 39?
37
Suppose 3*o + 43 + 20 = 0. Let a = 51 + o. Let g = -36 - -52. Calculate the remainder when a is divided by g.
14
Suppose 11*w + 126 = 13*w. Calculate the remainder when w is divided by 16.
15
Suppose -2*w - k - 4 = -0*w, 8 = -2*k. Let c = -6 + 10. Suppose w = c*v - 6 - 2, f = 4*v - 3. What is the remainder when 13 is divided by f?
3
Suppose a + 4 = -0, -2*a - 28 = -2*c. Suppose 4*p = -p + 95. Calculate the remainder when p is divided by c.
9
Let q = 31 + -17. Let v be 2*-1*2/4. Calculate the remainder when 42 - (-3)/(v - 2) is divided by q.
13
Suppose 0 = 3*b + 5*l - 84 - 93, -2*b - 3*l + 118 = 0. Calculate the remainder when b is divided by 15.
14
Suppose k = -2*v - k + 148, 2*k = 3*v - 237. Suppose 3*f = 58 + v. Let j = -23 + f. Calculate the remainder when j is divided by 8.
6
Calculate the remainder when -62*6/16*-4 is divided by 24.
21
Let p(a) = -3 - 15*a**2 + 2*a + 16*a**2 + 1. What is the remainder when p(8) is divided by 27?
24
Suppose 0 = 3*v - 4*s - 2 - 9, 2*v + 5*s - 15 = 0. Calculate the remainder when v is divided by 4.
1
Let d(n) = -13*n + 1 - 4 - 1. What is the remainder when d(-3) is divided by 12?
11
Let m = 19 + 14. Suppose -2*q - 3 - 89 = -4*d, 0 = -d - 2*q + m. Suppose 5*k = -d, 0*z = 3*z - 5*k - 70. What is the remainder when 28 is divided by z?
13
Suppose -2*g + 2 = 0, 2*l - 91 + 23 = -2*g. Calculate the remainder when 164 is divided by l.
32
Let f(l) = -l + 17. Suppose 3*v + 1 = 28. Calculate the remainder when f(v) is divided by 5.
3
Suppose -5*p + 15 - 5 = 0. Suppose -p - 4 = k + 5*n, 5*k - 4*n = 115. Calculate the remainder when k is divided by 10.
9
Let t be (-536)/(-10) + 8/20. Suppose 2*z + 26 = w, -2*w = -5*z + 3*z - t. Calculate the remainder when w is divided by 15.
13
Let u = 47 + 3. Calculate the remainder when u is divided by 26.
24
Suppose 56 = -6*l + 14*l. Let i = 27 - 12. Suppose 0 = 2*b - 3*k - i, -4*k = -4*b + 3*b. Calculate the remainder when b is divided by l.
5
Let d(j) = -j**3 - 5*j**2 - 5*j - 9. What is the remainder when 93 is divided by d(-5)?
13
Suppose -b - 84 = -5*b. Calculate the remainder when b is divided by 6.
3
Let z = -10 + 11. Let i = 4 + z. Calculate the remainder when 7 is divided by i.
2
Let v(c) = 2*c - 6. What is the remainder when 14 is divided by v(5)?
2
Suppose -2*g + 0*g = -12. Suppose 0 = 4*k - i - 42, 10*k + i = 5*k + 57. What is the remainder when k is divided by g?
5
Let r be (12/2)/((-1)/9). Let j = -18 - r. What is the remainder when j is divided by 13?
10
Suppose -69 = -4*w + w. Let p(t) = t**2 + t - 1. Let h(y) = -5*y**2 - 7*y. Let i(x) = -h(x) - 4*p(x). What is the remainder when w is divided by i(-4)?
7
Suppose -5*h + 0 + 154 = -z, -2*h + 44 = 4*z. Suppose -3*o + h = 2*o. Suppose -30 = j - 4*j. What is the remainder when j is divided by o?
4
Let g(t) = -10*t - 5. Calculate the remainder when g(-12) is divided by 29.
28
Let j = -30 - -35. Calculate the remainder when 7 is divided by j.
2
Suppose k + 591 = 6*k + 2*x, 2*x + 4 = 0. Calculate the remainder when k is divided by 12.
11
Let k = -7 + 18. Suppose g = 3*p - p - 12, -5*g = 5*p. Calculate the remainder when k is divided by p.
3
Let j = -13 - -17. Suppose -4*n + 49 = r, -3*r = j*n + r - 52. What is the remainder when 47 is divided by n?
11
Let n be (1 + 9)*(-28)/(-8). Suppose -t + n = 5*g, 10 = 4*t - 5*g - 5. What is the remainder when 27 is divided by t?
7
Suppose b = 6 - 0. Suppose -b*i + 64 = -4*i. What is the remainder when i is divided by 11?
10
Suppose -4*c + 2 + 12 = 5*t, 2*t + 22 = 3*c. Let b = -3 + c. Let z(o) = o**2 - 12*o + 8. Calculate the remainder when z(12) is divided by b.
2
Suppose -3*j + 12 = -15. What is the remainder when 34 is divided by j?
7
Suppose -4*s + 0*q = -2*q - 110, -115 = -4*s + 3*q. Calculate the remainder when s is divided by 13/1*(-2)/(-2).
12
Let a be (-3)/2 + 14/4. Suppose v = -4*d + 57, -a*d + 4*v + 25 = v. Calculate the remainder when 41 is divided by d.
13
Suppose 4 = 4*s + 5*k - 5, 5*k = -s - 9. Calculate the remainder when 13 is divided by s.
1
Suppose 0 = 3*w - l - 0*l - 31, 3*w + l - 41 = 0. Suppose -2*o - o - 9 = 0. Let f = o + 10. What is the remainder when w is divided by f?
5
Let j(z) = -z - 7. Let v = 1 - -8. Calculate the remainder when v is divided by j(-13).
3
Suppose -f - 4*f + 60 = 0. Let o = 291 + -270. What is the remainder when o is divided by f?
9
Calculate the remainder when 69 is divided by 10*1*(-1 - 3/(-2)).
4
Let v = -9 + 6. Let p = 6 + v. What is the remainder when 7 is divided by p?
1
Suppose g - 18 = 4*g. Let p(d) = d**2 + d. Let a(s) = s**3 + 2*s**2 - 10*s + 3. Let n(w) = a(w) + 3*p(w). What is the remainder when 25 is divided by n